*3 - i**2 - i + 1. Let y(u) = 3*j(u) - o(u). Let g be y(-3). What are the prime factors of (1 - (-2)/g)*10?
5
List the prime factors of (-1878)/(-9)*3 + 6 + -3.
17, 37
Let s = 445 + 862. List the prime factors of s.
1307
Let z be (-146)/(-4) - 6/12. Let k = z + -8. What are the prime factors of k?
2, 7
Let t = 28 - -201. List the prime factors of t.
229
Suppose -3*c + 1879 = -5*b - 0*b, 4*b + 631 = c. List the prime factors of c.
7, 89
Suppose 4*k - 9 = 7, -16 = -4*p - 2*k. Suppose p*m - 90 = -20. List the prime factors of m.
5, 7
Let o(p) be the third derivative of 5*p**4/24 - p**3/2 + p**2. Let x be o(-4). Let s = -4 - x. What are the prime factors of s?
19
Let a = 2380 + -1062. What are the prime factors of a?
2, 659
Let b be -65*(12/(-10) + 0). Let m = -41 + b. List the prime factors of m.
37
Suppose 4*i - m - 95 = 0, i - 121 = -4*i + 2*m. Suppose 2*x = 3*l + i, 2*x + 0*l - 13 = l. Suppose -4 = x*h - 36. List the prime factors of h.
2
Let g = 31 + 591. What are the prime factors of g?
2, 311
Let s = 17 + -10. Suppose 4*i - 3*c = -s*c + 124, i + 5*c = 43. List the prime factors of i.
2, 7
Suppose 2*u + 3*u - 23815 = 5*v, -5*v + 9533 = 2*u. What are the prime factors of u?
2, 3, 397
Let u = -671 - -951. Suppose -2*p = 5*t - 133, 5*p + 7*t = 12*t + u. List the prime factors of p.
59
Let j = 16 + -10. Let d(k) = 21*k + 6 - j. List the prime factors of d(1).
3, 7
Let r(d) = -330*d - 58. What are the prime factors of r(-4)?
2, 631
Let s(b) = b**3 + 12*b**2 + 13*b + 3. List the prime factors of s(-9).
3, 43
Suppose 13 = -2*f + 17. Suppose -4*k + 370 = -f*y, -385 = -4*k - 2*y + y. What are the prime factors of k?
5, 19
Let t = -61 - -342. What are the prime factors of t?
281
Let t = -313 - -349. What are the prime factors of t?
2, 3
Let p(w) be the third derivative of w**5/30 - w**4/12 + w**3/3 - 16*w**2. What are the prime factors of p(6)?
2, 31
Suppose -2*k + 2*z = -12, -k = -4*z + 2*z - 5. Suppose 3*h - 5 = k. Suppose -7*f + 2*f + 223 = -3*a, -5*f = -h*a - 224. What are the prime factors of f?
2, 11
Suppose -d + 2 = -3, d + 5 = -5*t. List the prime factors of 8/(-4)*167/t.
167
Let t = 28 - 18. List the prime factors of (-365)/(-25) + (-6)/t.
2, 7
List the prime factors of (-2 - 380)*425/(-50).
17, 191
Let w(z) be the first derivative of 57*z**2 - 44*z**2 + 3 + 3. What are the prime factors of w(1)?
2, 13
Suppose 0 = -y + 63 + 60. Let w = -42 + y. What are the prime factors of w?
3
Suppose 0 = -5*t + 2*r - 47, -2*r - 5 = 2*t + 11. Let z be t/(-18) - 5/(-2). Suppose j + 3*j - 91 = -z*p, 5*j - 122 = -p. List the prime factors of j.
5
Suppose -m = 2*m - 33. Suppose 5*u + 9 + m = 0. List the prime factors of ((-55)/(-10))/((-2)/u).
11
Suppose -3*p - 13 = 11. Let u(a) = a**3 + 9*a**2 + 4*a - 14. Let c be u(p). Suppose -f + 32 = 3*s, f - 3*s - c = 2. List the prime factors of f.
2, 13
Let r be 255/34*184/(-6). What are the prime factors of (4/5)/((-4)/r)?
2, 23
Suppose 2*a - 125 = -3*a. Suppose 0 = 3*k + 2*k - a. Suppose -k*b + 2*b = -48. What are the prime factors of b?
2
Suppose 5*a + 21 = -w, -w + a + a + 7 = 0. Let b be 124 + -3 + (w - 0). Suppose -4*h + b = h. List the prime factors of h.
2, 3
Let c(g) = 2*g - 5. Let x be c(4). Suppose -x*z = -372 + 123. What are the prime factors of z?
83
Let i = -1 - -7. Suppose i = -7*s + 8*s. What are the prime factors of -3 + (s - 4) - -51?
2, 5
What are the prime factors of (-270186)/(-98) - (-6)/(-1)?
3, 7, 131
Suppose -5*d = -3*v + 10, -v = 2*v - 2*d - 4. Suppose -21 + 0 = -4*o + 5*k, -3*o - 2*k + 33 = v. What are the prime factors of o?
3
Let m be 1 + (1*-42 - -3). Let g = 34 + m. What are the prime factors of (-69 + 4)/(g/4)?
5, 13
What are the prime factors of (-39)/9*-3*(-44)/(-4)?
11, 13
What are the prime factors of -15 - (-1386)/98 - (-26696)/14?
2, 953
What are the prime factors of (-718900)/(-312) - 2/12?
2, 3
Suppose -4*p + 3*h + 87 = 0, 3*p + 0*h = -5*h + 29. Suppose 31 = z - p. Suppose 3*y - 185 = -2*y - 5*d, -z = -y - 4*d. What are the prime factors of y?
3, 11
Let g(y) = -4 + 36*y - 1 + 4 + 77*y. What are the prime factors of g(1)?
2, 7
Let s(v) = v**2 - 3*v + 3. Let c be s(4). Suppose 30 = c*r - r. Suppose w - r*p = 24, 69 = 5*w - 4*w + 4*p. What are the prime factors of w?
7
What are the prime factors of (5 + -2)/(-6) - 817/(-2)?
2, 3, 17
Let f(a) = a + 1. Let t be f(4). Suppose 7 = y + 2*r - t, -r = -2*y + 39. Suppose 2*s = 5*s - y. What are the prime factors of s?
2, 3
Let u = -1062 - -2556. Suppose 16*g - 458 = u. List the prime factors of g.
2, 61
Let t be 5 - 1 - (-1035 - -17). Suppose -42*k - t = -49*k. List the prime factors of k.
2, 73
Let r be (-2)/5*-5 + 1. Suppose r*p = 5*i + 24 - 164, -3*p = 0. Let v = -3 + i. List the prime factors of v.
5
Let j(x) = x**2 - 6*x + 15. Let v be j(7). List the prime factors of 1*18*(v/6 + 0).
2, 3, 11
Let y = -42 + 50. Suppose 0 = -y*x + 2*x + 372. What are the prime factors of x?
2, 31
Let w(m) = 2*m**2 + 21*m + 17. Let z be w(-15). Suppose 148 = 4*f + 4*a, 2*a = -4*f - 3*a + z. What are the prime factors of f?
3, 11
Suppose -3*u = -394 - 236. List the prime factors of u.
2, 3, 5, 7
Let p be (-2)/11 - 0 - (-8)/44. What are the prime factors of 4/26 + 1738/26 - p?
67
Let f = 302 - -3066. What are the prime factors of f?
2, 421
Let j = 863 + -610. What are the prime factors of j?
11, 23
Let v(q) = q**3 + 7*q**2 + 6*q - 3. Let p be (-56)/9 + 20/90. Let d be v(p). List the prime factors of -2 - ((-7 - d) + -3).
5
Let f(n) = -n + 4. Let s be f(4). Let j(y) = -16 + 18*y + 36 - 22*y + 18 + 5*y. What are the prime factors of j(s)?
2, 19
Suppose -2*f + 331 = -3*p + 8*p, 3*f + 3*p - 501 = 0. Let o = 259 - f. What are the prime factors of o?
7, 13
Suppose -4*o + 0*o - 44 = 0. Let f = o + 88. Suppose -3*u = 4*q - 2*q - f, 0 = -q - 5*u + 42. List the prime factors of q.
37
Suppose 0*m - 4915 = -5*m. What are the prime factors of m?
983
Let m(v) = 92*v**2 + v - 1. Let u be 3/(-9) + (-24)/(-18). Let t be m(u). Suppose 56 = 2*c + 5*f - 11, 3*c - f - t = 0. List the prime factors of c.
31
Suppose 0 = -2*s + 2*z + 12, 2*s + 3*z - 8*z - 15 = 0. Suppose 4*n = s*l - 693, -3*l + 173 = 3*n - 259. What are the prime factors of l?
3, 47
Let v = 5 - 7. List the prime factors of (-2)/((v - 0)/68).
2, 17
Suppose u - 4*u = -270. Let k = 81 + u. What are the prime factors of (-992)/(-38) + (-18)/k?
2, 13
Let m(u) = 2*u**2 + 3*u - 6. Let p(h) = -2*h - 7. Let z be p(-6). Suppose -4*q - v = -11, -5*q = -z*v - 44 - 1. List the prime factors of m(q).
2, 19
Suppose -3*n + 165 = -4*b, 2*n + 5 = -3*n. Let x = 100 + b. Suppose x = 3*f - 5. List the prime factors of f.
3, 7
Suppose -3*c = 3*c. Let m be -85*((-4)/5)/2. Let p = m + c. List the prime factors of p.
2, 17
Suppose 0 = a + 5*v + 17 - 80, 5*a - 289 = v. Let s = -152 + a. Let n = 167 + s. What are the prime factors of n?
73
What are the prime factors of (1389/(-2))/((-63)/126)?
3, 463
Suppose 5*g + 9*d - 14*d - 260 = 0, -4*d + 12 = 0. Let i be -2*((-9)/(-1) + 2). Let v = i + g. List the prime factors of v.
3, 11
Let c(h) = -h**3 - h**2 - h - 5. Let o be 30/(-9)*96/(-20). Suppose 3*t = 7*t + o. What are the prime factors of c(t)?
47
List the prime factors of 1/((-84469)/12068 + 7).
2, 431
Suppose -16*g - 533 = -2*y - 17*g, 0 = -2*y + 3*g + 521. List the prime factors of y.
5, 53
Let x be (-58)/(1 + (-6)/2). Let y = x - 98. What are the prime factors of -2 - y - 1 - -2?
2, 17
Suppose a - 3*w - w = -14, 5*w = 2*a + 16. Suppose -5*b + 3*n + 97 = 0, -b - 3*n = -a*n - 13. What are the prime factors of b?
17
Suppose 0 = -5*n - 0 + 10. Suppose -5*v = -5*m + m - 23, -n*v = m - 4. Suppose -4*j + 38 = v*i, 0 - 8 = 2*i - 4*j. List the prime factors of i.
2, 3
Let l(n) = -n**2 + 15*n - 11. Let t = 41 + -31. What are the prime factors of l(t)?
3, 13
Let b(m) = -4*m - 3. Let x(s) = s**2 + 7*s - 12. Let o be x(-9). Suppose -o = -0*v + 3*v. List the prime factors of b(v).
5
Let o be 1*2*(-81)/(-6). Let i = 51 - 47. Suppose -i*a + o = -a. What are the prime factors of a?
3
Let b = -122 + 537. List the prime factors of b.
5, 83
Let r = 14 - 8. Let t be 15/(-10)*(-32)/r. List the prime factors of (t - 7)/((-1)/(-19)).
19
Let h(y) = 6*y**2 + 3*y + 23. Let b = 22 + -27. Let c(f) = -4*f**2 - 2*f - 15. Let w(r) = b*h(r) - 8*c(r). List the prime 